ite?
True
Is 17354219 composite?
False
Is 1340527 a prime number?
True
Is 17226361 prime?
True
Is 712943743 a prime number?
False
Is 16814657 a prime number?
True
Is 4605713 a prime number?
False
Is 24061901 prime?
True
Is 316223 prime?
True
Is 248445019 a prime number?
False
Is 50215367 a prime number?
True
Is 15220187 prime?
True
Is 20178163 a composite number?
True
Is 3124163 prime?
False
Is 4132421 a composite number?
False
Is 4080983 prime?
True
Is 1486297 a composite number?
False
Is 58433929 composite?
True
Is 19727333 a prime number?
True
Is 40577 composite?
False
Is 19054837 a prime number?
True
Is 10040123 a composite number?
False
Is 18769237 composite?
False
Is 4730627 a prime number?
False
Is 1786885 a prime number?
False
Is 87211 a prime number?
True
Is 1089001 prime?
False
Is 41159449 a composite number?
True
Is 1034338 a composite number?
True
Is 4498563 composite?
True
Is 657300323 composite?
True
Is 1370947 a prime number?
False
Is 805457 prime?
False
Is 413823977 composite?
True
Is 3821377 a prime number?
False
Is 863017 a composite number?
False
Is 13135513 prime?
False
Is 64337051 prime?
False
Is 10524049 a composite number?
False
Is 11784169 a composite number?
True
Is 25788849 a prime number?
False
Is 391217 a prime number?
True
Is 7972703 a composite number?
True
Is 3091987 a composite number?
False
Is 1231541 prime?
False
Is 103378498 a prime number?
False
Is 51027623 a composite number?
True
Is 60016751 a prime number?
True
Is 2605937 a composite number?
True
Is 5827477 prime?
False
Is 695638183 a composite number?
False
Is 59824867 prime?
False
Is 98785331 prime?
True
Is 35660821 a composite number?
True
Is 17335831 a composite number?
False
Is 4425323 a composite number?
True
Is 4188167 a composite number?
True
Is 5731 a composite number?
True
Is 3412537 composite?
False
Is 2755259 a prime number?
False
Is 35544869 a prime number?
False
Is 17290029 prime?
False
Is 2852743 a composite number?
False
Is 12498823 prime?
True
Is 86001683 a composite number?
False
Is 362137 composite?
False
Is 3116129 composite?
False
Is 343825319 a prime number?
True
Is 7597921 a composite number?
True
Is 51174043 prime?
True
Is 427267 a prime number?
False
Is 188267429 a prime number?
False
Is 198654203 prime?
False
Is 5542673 a prime number?
True
Is 629135589 a composite number?
True
Is 21944513 composite?
True
Is 615491 a composite number?
False
Is 346291681 a prime number?
False
Is 10013963 prime?
False
Is 5134159 a composite number?
False
Is 51938589 a prime number?
False
Is 173477269 a prime number?
False
Is 18024689 composite?
True
Is 4402841 composite?
False
Is 9070246 prime?
False
Is 29404699 prime?
True
Is 96509423 a composite number?
False
Is 14969195 a composite number?
True
Is 6952531 prime?
True
Is 133128653 prime?
False
Is 10807361 composite?
False
Is 50865973 composite?
False
Is 24623002 a prime number?
False
Is 11397307 a composite number?
True
Is 452463299 prime?
False
Is 120215731 prime?
False
Is 259297771 composite?
True
Is 14234361 a prime number?
False
Is 364643 composite?
False
Is 2791205 composite?
True
Is 775882519 composite?
True
Is 4421663 a prime number?
False
Is 6335807 a composite number?
False
Is 85906659 a composite number?
True
Is 359035511 a prime number?
True
Is 586769 composite?
False
Is 87711337 composite?
True
Is 7804007 composite?
False
Is 107098357 composite?
False
Is 2665493 a prime number?
False
Is 6494611 a composite number?
False
Is 136561427 prime?
False
Is 1221082 prime?
False
Is 161112937 composite?
False
Is 4398811 composite?
False
Is 548269387 a composite number?
False
Is 6960341 prime?
True
Is 5822351 prime?
True
Is 4975303 prime?
False
Is 66490873 prime?
True
Is 19863971 prime?
True
Is 33137141 prime?
False
Is 414960119 composite?
True
Is 104921549 composite?
False
Is 120054877 a prime number?
True
Is 4334453 composite?
False
Is 6973541 a composite number?
True
Is 19414859 composite?
False
Is 2164053 a composite number?
True
Is 226511 a composite number?
False
Is 762319 a composite number?
False
Is 4101595 a composite number?
True
Is 84807131 prime?
False
Is 22801173 a prime number?
False
Is 190883851 a prime number?
False
Is 5962379 composite?
False
Is 282212077 a prime number?
False
Is 44025551 composite?
False
Is 139650213 composite?
True
Is 9690821 prime?
False
Is 7623779 prime?
True
Is 214074697 a prime number?
False
Is 54217 a prime number?
True
Is 2118581 composite?
False
Is 1233209 composite?
False
Is 61230181 prime?
False
Is 4683227 a prime number?
True
Is 149244119 prime?
False
Is 16909337 composite?
False
Is 55623329 prime?
True
Is 24497041 prime?
True
Is 40364039 prime?
True
Is 243223 prime?
False
Is 2483113 composite?
False
Is 2905393 a prime number?
True
Is 36230729 composite?
False
Is 89343409 composite?
False
Is 172578593 a prime number?
False
Is 2053911 composite?
True
Is 75604339 prime?
True
Is 377334563 a composite number?
True
Is 803799611 a composite number?
True
Is 7415443 prime?
False
Is 33844211 prime?
True
Is 2534101 prime?
True
Is 6687757 composite?
False
Is 32624563 a prime number?
False
Is 188989 composite?
True
Is 3384749 a prime number?
False
Is 2360577 a composite number?
True
Is 1026499 composite?
True
Is 4726586 composite?
True
Is 12773437 a composite number?
True
Is 23349503 a composite number?
True
Is 166348321 a prime number?
False
Is 9577643 prime?
True
Is 8460113 a prime number?
False
Is 204414349 a prime number?
False
Is 20643683 prime?
True
Is 22520497 a prime number?
True
Is 9159583 prime?
False
Is 35575915 composite?
True
Is 16781 composite?
True
Is 28241281 prime?
True
Is 19074901 a prime number?
False
Is 6638909 prime?
False
Is 8698187 a composite number?
False
Is 19113317 prime?
False
Is 11632893 a prime number?
False
Is 1132123 a prime number?
True
Is 435674479 prime?
True
Is 6684481 composite?
True
Is 537919 a prime number?
True
Is 145573273 a prime number?
True
Is 8893103 a prime number?
True
Is 326108807 a prime number?
False
Is 94995181 a prime number?
True
Is 63832513 a composite number?
True
Is 8470461 a prime number?
False
Is 23246627 a prime number?
True
Is 158697893 a composite number?
False
Is 192449 a composite number?
True
Is 94187053 a composite number?
False
Is 881626181 composite?
False
Is 1816729 composite?
False
Is 42531781 a prime number?
True
Is 2604509 a composite number?
False
Is 194083 a prime number?
True
Is 6532057 a prime number?
False
Is 3347737 composite?
True
Is 2722619 prime?
True
Is 787217 a prime number?
True
Is 185699795 prime?
False
Is 425688357 composite?
True
Is 615473 prime?
True
Is 306803027 prime?
True
Is 16538941 composite?
True
Is 10901281 prime?
True
Is 116500061 a composite number?
True
Is 1196651 composite?
True
Is 30645707 prime?
True
Is 2981033 a composite number?
True
Is 18339317 composite?
False
Is 3357119 a prime number?
False
Is 94981829 a composite number?
False
Is 148331 prime?
True
Is 1786753 a composite number?
False
Is 740618471 composite?
False
Is 424081079 a composite number?
False
Is 11643627 a prime number?
False
Is 411221 prime?
False
Is 10837579 a composite number?
False
Is 513431 prime?
True
Is 22529037 a prime number?
False
Is 9611759 a prime number?
True
Is 224496733 a composite number?
False
Is 419439883 composite?
False
Is 8374601 prime?
False
Is 642860917 a prime number?
True
Is 748997 a prime number?
False
Is 10389923 a composite number?
False
Is 1264301 prime?
True
Is 19939 prime?
False
Is 28232387 composite?
False
Is 2163295 prime?
False
Is 1091397 a prime number?
False
Is 58432381 a prime number?
False
Is 2883677 prime?
False
Is 70221323 prime?
False
Is 3568307 prime?
True
Is 11214173 prime?
True
Is 20101927 composite?
False
Is 28673311 a composite number?
False
Is 3415813 a prime number?
True
Is 25716651 a prime number?
False
Is 20768173 prime?
True
Is 45272737 prime?
True
Is 361663 a prime number?
True
Is 1431879 composite?
True
Is 9497021 a composite number?
False
Is 8551429 prime?
False
Is 131237303 a composite number?
False
Is 9156055 a prime number?
False
Is 485977811 composite?
True
Is 7946219 composite?
True
Is 2806651 a prime number?
True
Is 3576543 a composite number?
True
Is 101235371 a composite number?
False
Is 89016973 prime?
True
Is 189778 a prime number